base 8, what is 2452 + -646466?
-644014
In base 14, what is 75 + 2682d?
268a4
In base 10, what is -269 + -170552?
-170821
In base 6, what is 3302 + -40211?
-32505
In base 7, what is -1620140162 + -3?
-1620140165
In base 11, what is -22 + -2815443?
-2815465
In base 7, what is 2045345646 + 3?
2045345652
In base 16, what is 2 + -6c7ab?
-6c7a9
In base 10, what is -7800 - 5?
-7805
In base 6, what is -1210055502 + -4?
-1210055510
In base 13, what is -4844270c + -5?
-48442714
In base 10, what is 3152869 + 4?
3152873
In base 11, what is -1533 + 11742?
1020a
In base 14, what is b7 + d27b?
d354
In base 11, what is 719935 - 16?
71991a
In base 16, what is -1bc4e9 - -8?
-1bc4e1
In base 16, what is -11 + 327b6a?
327b59
In base 6, what is 30 + 11113513?
11113543
In base 16, what is -4 - -5b18518?
5b18514
In base 11, what is 21294 + -1241?
20053
In base 14, what is -82bc22 + 1?
-82bc21
In base 6, what is -1013312 - 1051?
-1014403
In base 10, what is -4236 + -4031?
-8267
In base 14, what is 802 - -d6573?
d6d75
In base 14, what is -202619 + -a5?
-2026c0
In base 7, what is -161 - 26130?
-26321
In base 5, what is 10113443 - -21?
10114014
In base 2, what is -100010010010101111100 + 11110?
-100010010010101011110
In base 12, what is 97 - -4449a?
44575
In base 16, what is a4d5f9 - 14?
a4d5e5
In base 7, what is 1043315 - -44?
1043362
In base 10, what is -2 - -321704359?
321704357
In base 10, what is -2469021 + 15?
-2469006
In base 10, what is 2926212 - 10?
2926202
In base 9, what is -5 - 10402602?
-10402607
In base 6, what is -2435301 + -5111?
-2444412
In base 9, what is -71057 - 612?
-71670
In base 14, what is 2 + 4d951d6?
4d951d8
In base 6, what is 1 + 534144?
534145
In base 2, what is 1000101 + -1110101000100110001?
-1110101000011101100
In base 6, what is -51452 - -143322?
51430
In base 9, what is 58 + -1660071?
-1660012
In base 15, what is 81eae + e5?
820a4
In base 5, what is 40204203 + 0?
40204203
In base 4, what is -11033 - -102203301?
102132202
In base 4, what is -3 - 1212212011303?
-1212212011312
In base 12, what is 4190 - 105a6?
-8416
In base 13, what is -2a14c671 - -3?
-2a14c66b
In base 9, what is -67726636 + -3?
-67726640
In base 9, what is -10131361 - 2?
-10131363
In base 12, what is 849624 - a?
849616
In base 4, what is 2111003002100 + 2?
2111003002102
In base 8, what is 3 + 40721675?
40721700
In base 15, what is -1c - -d98a0?
d9883
In base 9, what is 12 - 2584102?
-2584080
In base 4, what is -1210003121 - -2?
-1210003113
In base 14, what is -767dc + 16c?
-76670
In base 9, what is 56637 - 381?
56246
In base 13, what is -3 + 18853758?
18853755
In base 7, what is 105 + 1135450?
1135555
In base 5, what is 221 - -430200310?
430201031
In base 12, what is -230b065 + -58?
-230b101
In base 9, what is -14471 - -2108?
-12362
In base 16, what is -b6dc + -dfd?
-c4d9
In base 12, what is 7b2 + -5b813?
-5b021
In base 11, what is -88517 + -3803?
-9121a
In base 8, what is 25 - 150225156?
-150225131
In base 16, what is 9d9c1 + 43?
9da04
In base 12, what is 0 - 6289179b?
-6289179b
In base 3, what is 111110110 + -202202?
110200201
In base 8, what is 215 + 2604740?
2605155
In base 4, what is -1110133101 - 1000?
-1110200101
In base 2, what is -100 - -11000010110011001101?
11000010110011001001
In base 15, what is -8b - 1b2d2?
-1b36d
In base 2, what is -10000000001010 + 10001111010?
-1101110010000
In base 4, what is -1 - -22222213102?
22222213101
In base 3, what is 1021021112012 + -110022?
1021021001220
In base 12, what is 5 - 9b8162?
-9b8159
In base 5, what is -33144443013 + 1?
-33144443012
In base 5, what is -2 + 123322224?
123322222
In base 10, what is 6856993 - -2?
6856995
In base 8, what is -1641 + 773?
-646
In base 12, what is 15a89a6a6 - -1?
15a89a6a7
In base 8, what is -62 - 12215542?
-12215624
In base 9, what is -76 - 335617?
-335704
In base 10, what is 45078 + 113?
45191
In base 16, what is d2ea8b7 + -1?
d2ea8b6
In base 15, what is 94185b - 0?
94185b
In base 16, what is 3 - -3bbd1?
3bbd4
In base 2, what is -1011 + 10001001101111111010010?
10001001101111111000111
In base 7, what is -6156602 - 113?
-6160015
In base 9, what is 1505520 - 310?
1505210
In base 2, what is 10010000001100 + 110100000011100?
1000110000101000
In base 6, what is 21020 + 10522?
31542
In base 7, what is -6552 - -251302?
241420
In base 4, what is 21023 - 321201333?
-321120310
In base 2, what is -1100101101110010 + 1000001110011?
-1011101011111111
In base 12, what is 19a526 - 40?
19a4a6
In base 12, what is -25bb59 + -46?
-25bba3
In base 14, what is -538 - 12b48?
-13282
In base 15, what is 111817a + 3?
111817d
In base 5, what is -4432 - 1002340?
-1012322
In base 4, what is -1210033 - 2320321?
-10131020
In base 7, what is 5536236 + -1?
5536235
In base 9, what is -16465657 + -12?
-16465670
In base 5, what is 404124303 + 0?
404124303
In base 7, what is -3 + -542361103?
-542361106
In base 6, what is 124310 + -234?
124032
In base 5, what is 11241203 + 21004?
11312212
In base 3, what is 11101102022001011122 - -11?
11101102022001011210
In base 12, what is 1a5777 + -12?
1a5765
In base 2, what is -1110010100 + 1000110011001101?
1000100100111001
In base 5, what is -231042 + 433134?
202042
In base 9, what is 0 - 203686687?
-203686687
In base 14, what is 68addb + -9?
68add2
In base 14, what is -13 + 4390b?
438d8
In base 10, what is -8676 - -12823?
4147
In base 14, what is -1005 - 63ad?
-73b4
In base 3, what is 0 + -10002122010201111?
-10002122010201111
In base 2, what is 110110000100011110000 - 10?
110110000100011101110
In base 8, what is -433475 + 62?
-433413
In base 4, what is -10022331210 + -301?
-10022332111
In base 5, what is 33414202 - 44233?
33314414
In base 11, what is -7 - -644116a?
6441163
In base 10, what is -14 - 1412553?
-1412567
In base 9, what is 33 + -1126533?
-1126500
In base 16, what is 1517 + 6ff?
1c16
In base 14, what is 1826 + 44c?
1c74
In base 16, what is -84 + 2bef9?
2be75
In base 7, what is 2615504 - -1360?
2620164
In base 11, what is 10 + 280412?
280422
In base 12, what is -13933 + -279?
-13bb0
In base 9, what is -56 - 230651?
-230717
In base 11, what is -60101 + -138?
-60239
In base 14, what is -8 - -c37036?
c3702c
In base 9, what is -5 - 5661273?
-5661278
In base 11, what is 12442 + -58a?
11963
In base 12, what is 34 - -2417b3?
241827
In base 14, what is -460 + 6722?
62a2
In base 13, what is -51 - 133745?
-133796
In base 8, what is 5503636 - 123?
5503513
In base 16, what is -1c8ff - -a75?
-1be8a
In base 11, what is 302 - 240077?
-23a875
In base 2, what is 101 - -1111001001110100011100011?
1111001001110100011101000
In base 7, what is 12411 - -21066?
33510
In base 3, what is 2002021 + 110002100?
112011121
In base 10, what is 212167 + -73?
212094
In base 9, what is 115062 + 163?
115235
In base 7, what is -22 - 436105561?
-436105613
In base 13, what is 4 + -268cac?
-268ca8
In base 11, what is -4aa9 - 82411?
-8740a
In base 6, what is -5 - -354340?
354331
In base 7, what is -3431 + 1131012?
1124251
In base 10, what is -117 + -3563054?
-3563171
In base 9, what is -5250 + 3038?
-2211
In base 3, what is -10021121022211002 - 102?
-10021121022211111
In base 7, what is 35 + -2010243?
-2010205
In base 14, what is -2936 - -8a6?
-2070
In base 12, what is -1858 + 111294?
10b638
In base 16, what is 8d53d6 - -a?
8d53e0
In base 10, what is 0 + -23325749?
-23325749
In base 10, what is -1 - 4720359?
-4720360
In base 11, what is 117425 - -1048?
118472
In base 15, what is -7aa + 6638?
5d7d
In base 6, what is 115 - -135344522?
135345041
In base 15, what is 214c5 + -29a?
2122a
In base 6, what is -231 - -13105413?
13105142
In base 15, what is -435 - 3035?
-346a
In base 9, what is 112267 - -1276?
113554
In base 10, what is -586012 + -3?
-586015
In base 11, what is -17 - -522180?
522164
In base 3, what is 2011021110 + -21122010?
1212122100
In base 6, what is 2 - 1522044401?
-1522044355
In base 6, what is -1044520254 + 3?
-1044520251
In base 4, what is 21222210 + 3212?
21232022
In base 5, what is 20222304102 + -2?
20222304100
In base 12, what is 1 + -1295524?
-1295523
In base 10, what is -491 - 6466?
-6957
In base 10, what is -2089 - 1445?
-3534
In base 5, what is 3102212113 + 0?
3102212113
In base 16, what is -8 - 8d660?
-8d668
In base 6, what is -1254450 - -11000?
-1243450
In base 14, what is -4a425d8 + -4?
-